{"id":126,"date":"2024-03-31T23:44:03","date_gmt":"2024-03-31T21:44:03","guid":{"rendered":"https:\/\/tecnocauchosac.com\/?page_id=126"},"modified":"2025-05-26T03:56:30","modified_gmt":"2025-05-26T01:56:30","slug":"sector-industrial","status":"publish","type":"page","link":"https:\/\/tecnocauchosac.com\/?page_id=126","title":{"rendered":"SECTOR INDUSTRIAL"},"content":{"rendered":"\t\t<div data-elementor-type=\"wp-page\" data-elementor-id=\"126\" class=\"elementor elementor-126\" data-elementor-post-type=\"page\">\n\t\t\t\t<div class=\"elementor-element elementor-element-6565785 e-flex e-con-boxed e-con e-parent\" data-id=\"6565785\" data-element_type=\"container\" data-settings=\"{&quot;background_background&quot;:&quot;classic&quot;}\">\n\t\t\t\t\t<div class=\"e-con-inner\">\n\t\t\t\t\t<\/div>\n\t\t\t\t<\/div>\n\t\t<div class=\"elementor-element elementor-element-100f576 e-flex e-con-boxed e-con e-parent\" data-id=\"100f576\" data-element_type=\"container\">\n\t\t\t\t\t<div class=\"e-con-inner\">\n\t\t<div class=\"elementor-element elementor-element-780b96d e-con-full e-flex e-con e-child\" data-id=\"780b96d\" data-element_type=\"container\">\n\t\t\t\t<div class=\"elementor-element elementor-element-08c55e1 elementor-widget elementor-widget-image\" data-id=\"08c55e1\" data-element_type=\"widget\" data-widget_type=\"image.default\">\n\t\t\t\t<div class=\"elementor-widget-container\">\n\t\t\t\t\t\t\t\t\t\t\t\t\t\t\t<img fetchpriority=\"high\" decoding=\"async\" width=\"600\" height=\"600\" src=\"https:\/\/tecnocauchosac.com\/wp-content\/uploads\/2024\/04\/industria-caucho-1.jpg\" class=\"attachment-large size-large wp-image-359\" alt=\"\" srcset=\"https:\/\/tecnocauchosac.com\/wp-content\/uploads\/2024\/04\/industria-caucho-1.jpg 600w, https:\/\/tecnocauchosac.com\/wp-content\/uploads\/2024\/04\/industria-caucho-1-300x300.jpg 300w, https:\/\/tecnocauchosac.com\/wp-content\/uploads\/2024\/04\/industria-caucho-1-150x150.jpg 150w\" sizes=\"(max-width: 600px) 100vw, 600px\" \/>\t\t\t\t\t\t\t\t\t\t\t\t\t\t\t<\/div>\n\t\t\t\t<\/div>\n\t\t\t\t<\/div>\n\t\t<div class=\"elementor-element elementor-element-8c0279c e-con-full e-flex e-con e-child\" data-id=\"8c0279c\" data-element_type=\"container\">\n\t\t\t\t<div class=\"elementor-element elementor-element-3ad598d elementor-widget elementor-widget-heading\" data-id=\"3ad598d\" data-element_type=\"widget\" data-widget_type=\"heading.default\">\n\t\t\t\t<div class=\"elementor-widget-container\">\n\t\t\t\t\t<h2 class=\"elementor-heading-title elementor-size-default\">SECTOR INDUSTRIAL<\/h2>\t\t\t\t<\/div>\n\t\t\t\t<\/div>\n\t\t\t\t<div class=\"elementor-element elementor-element-aa2fd2d elementor-widget elementor-widget-text-editor\" data-id=\"aa2fd2d\" data-element_type=\"widget\" data-widget_type=\"text-editor.default\">\n\t\t\t\t<div class=\"elementor-widget-container\">\n\t\t\t\t\t\t\t\t\t<p>Somos los socios estrat\u00e9gicos de la industria peruana para brindar soluciones de caucho para cualquier rubro o sector industrial, nuestra gran capacidad productiva nos permite contar con productos y servicios para la industria papelera, metal mec\u00e1nica, agro industrial, pl\u00e1stica, imprentas, procesadoras de alimentos, etc.<\/p><p>A continuaci\u00f3n algunos de nuestros productos y servicios:<\/p>\t\t\t\t\t\t\t\t<\/div>\n\t\t\t\t<\/div>\n\t\t\t\t<\/div>\n\t\t\t\t\t<\/div>\n\t\t\t\t<\/div>\n\t\t<div class=\"elementor-element elementor-element-533feda e-flex e-con-boxed e-con e-parent\" data-id=\"533feda\" data-element_type=\"container\">\n\t\t\t\t\t<div class=\"e-con-inner\">\n\t\t\t\t<div class=\"elementor-element elementor-element-75b2049 elementor-widget elementor-widget-heading\" data-id=\"75b2049\" data-element_type=\"widget\" data-widget_type=\"heading.default\">\n\t\t\t\t<div class=\"elementor-widget-container\">\n\t\t\t\t\t<h2 class=\"elementor-heading-title elementor-size-default\">Productos<\/h2>\t\t\t\t<\/div>\n\t\t\t\t<\/div>\n\t\t\t\t\t<\/div>\n\t\t\t\t<\/div>\n\t\t\t\t<\/div>\n\t\t","protected":false},"excerpt":{"rendered":"<p>SECTOR INDUSTRIAL Somos los socios estrat\u00e9gicos de la industria peruana para brindar soluciones de caucho para cualquier rubro o sector industrial, nuestra gran capacidad productiva nos permite contar con productos y servicios para la industria papelera, metal mec\u00e1nica, agro industrial, pl\u00e1stica, imprentas, procesadoras de alimentos, etc. A continuaci\u00f3n algunos de nuestros productos y servicios: Productos<\/p>\n","protected":false},"author":1,"featured_media":0,"parent":0,"menu_order":0,"comment_status":"closed","ping_status":"closed","template":"","meta":{"footnotes":""},"class_list":["post-126","page","type-page","status-publish","hentry"],"_links":{"self":[{"href":"https:\/\/tecnocauchosac.com\/index.php?rest_route=\/wp\/v2\/pages\/126","targetHints":{"allow":["GET"]}}],"collection":[{"href":"https:\/\/tecnocauchosac.com\/index.php?rest_route=\/wp\/v2\/pages"}],"about":[{"href":"https:\/\/tecnocauchosac.com\/index.php?rest_route=\/wp\/v2\/types\/page"}],"author":[{"embeddable":true,"href":"https:\/\/tecnocauchosac.com\/index.php?rest_route=\/wp\/v2\/users\/1"}],"replies":[{"embeddable":true,"href":"https:\/\/tecnocauchosac.com\/index.php?rest_route=%2Fwp%2Fv2%2Fcomments&post=126"}],"version-history":[{"count":31,"href":"https:\/\/tecnocauchosac.com\/index.php?rest_route=\/wp\/v2\/pages\/126\/revisions"}],"predecessor-version":[{"id":1826,"href":"https:\/\/tecnocauchosac.com\/index.php?rest_route=\/wp\/v2\/pages\/126\/revisions\/1826"}],"wp:attachment":[{"href":"https:\/\/tecnocauchosac.com\/index.php?rest_route=%2Fwp%2Fv2%2Fmedia&parent=126"}],"curies":[{"name":"wp","href":"https:\/\/api.w.org\/{rel}","templated":true}]}}