{"id":1249,"date":"2024-04-23T17:06:19","date_gmt":"2024-04-23T15:06:19","guid":{"rendered":"https:\/\/tecnocauchosac.com\/?page_id=1249"},"modified":"2024-04-24T04:18:52","modified_gmt":"2024-04-24T02:18:52","slug":"politicas-deprivacidad-de-tecnocaucho","status":"publish","type":"page","link":"https:\/\/tecnocauchosac.com\/?page_id=1249","title":{"rendered":"POL\u00cdTICAS DE PRIVACIDAD DE TECNOCAUCHO"},"content":{"rendered":"\t\t<div data-elementor-type=\"wp-page\" data-elementor-id=\"1249\" class=\"elementor elementor-1249\" data-elementor-post-type=\"page\">\n\t\t\t\t<div class=\"elementor-element elementor-element-762d2d8 e-flex e-con-boxed e-con e-parent\" data-id=\"762d2d8\" data-element_type=\"container\" data-settings=\"{&quot;background_background&quot;:&quot;classic&quot;}\">\n\t\t\t\t\t<div class=\"e-con-inner\">\n\t\t\t\t\t<\/div>\n\t\t\t\t<\/div>\n\t\t<div class=\"elementor-element elementor-element-ce4fabf e-flex e-con-boxed e-con e-parent\" data-id=\"ce4fabf\" data-element_type=\"container\">\n\t\t\t\t\t<div class=\"e-con-inner\">\n\t\t\t\t<div class=\"elementor-element elementor-element-79dda39 elementor-widget elementor-widget-text-editor\" data-id=\"79dda39\" data-element_type=\"widget\" data-widget_type=\"text-editor.default\">\n\t\t\t\t<div class=\"elementor-widget-container\">\n\t\t\t\t\t\t\t\t\t<h4><b>POL\u00cdTICA DE PRIVACIDAD DE TODAS LAS EMPRESAS Y ENTIDADES DE LA CORPORACI\u00d3N TECNOCAUCHOS S.A.C<\/b><\/h4>\n<p>El cumplimiento de la Ley Peruana de Protecci\u00f3n de Datos Personales es muy importante para TECNOCAUCHOS S.A.C. empresa subsidiaria de TECNOCAUCHOS S.A.C., en adelante (Tecnocauchos) y, en general, para todas las empresas y entidades de la corporaci\u00f3n Ferreycorp (TECNOCAUCHOS S.A.C., sus subsidiarias, las subsidiarias de estas \u00faltimas, las empresas en las que TECNOCAUCHOS S.A.C. es accionista y sus entidades relacionadas). Esta normativa establece que para efectuar el tratamiento de los datos o informaci\u00f3n de una persona natural es necesario su consentimiento previo, informado, expreso e inequ\u00edvoco. En caso de tratamiento de datos sensibles, adem\u00e1s se requiere el consentimiento por escrito. Por tal motivo, en el uso de redes digitales y en cumplimiento de la referida ley, Ferreyros y las dem\u00e1s empresas y entidades de la corporaci\u00f3n Tecnocauchos considerar\u00e1n que usted nos ha brindado adecuadamente su consentimiento cuando disponga de manera positiva en \u201chacer clic\u201d, \u201ccliquear\u201d o \u201cpinchar\u201d, \u201cdar un toque\u201d, \u201ctouch\u201d o \u201cpad\u201d u otros similares cuando se le pregunte por su aceptaci\u00f3n a los presentes t\u00e9rminos aplicables al tratamiento de sus datos personales.<\/p>\n<p>Usted puede confiar que Tecnocaucho y las dem\u00e1s empresas y entidades de la corporaci\u00f3n Tecnocaucho han adoptado todas las medidas t\u00e9cnicas y organizacionales necesarias para garantizar la seguridad y confidencialidad de su informaci\u00f3n personal, y para evitar cualquier manipulaci\u00f3n indebida, p\u00e9rdida accidental, destrucci\u00f3n o acceso no autorizado por parte de terceros a esta informaci\u00f3n empleando los medios adecuados para contrarrestarlos.<\/p>\n<h5><b>1. LA INFORMACI\u00d3N QUE RECOLECTAMOS A TRAV\u00c9S DE NUESTROS SITIOS WEB<\/b><\/h5>\n<p>S\u00f3lo recolectamos los datos personales que usted nos desee proporcionar o que son necesarios para brindarle (y mejorar) nuestros productos y servicios, y para los fines que se describen en el punto 3 de los presentes t\u00e9rminos y que usted acepta libremente. Nosotros recolectamos informaci\u00f3n personal directa como nombre, DNI, domicilio, tel\u00e9fono, correo electr\u00f3nico; la que est\u00e9 expresamente indicada en nuestros sitios web a trav\u00e9s de formularios electr\u00f3nicos u otros formatos; la que usted nos proporcione directa e indirectamente, tal como cookies (informaci\u00f3n sobre preferencias del usuario cuando visita una p\u00e1gina web), conexiones y sistemas de informaci\u00f3n; todo en ello en estricto cumplimiento de la Ley de Protecci\u00f3n de Datos Personales.<\/p>\n<h5><b>2. GUARDAMOS SU INFORMACI\u00d3N DE MANERA SEGURA<\/b><\/h5>\n<p>Usted puede confiar que Tecnocaucho y las dem\u00e1s empresas y entidades de la corporaci\u00f3n Tecnocaucho han adoptado todas las medidas t\u00e9cnicas y organizacionales necesarias para garantizar la seguridad y confidencialidad de su informaci\u00f3n personal. Solo personas autorizadas de Tecnocaucho y de las dem\u00e1s empresas y entidades de la corporaci\u00f3n Tecnocaucho, de terceros con los que mantenemos una relaci\u00f3n contractual (por ejemplo, proveedores de servicios o clientes) podr\u00e1n tener acceso a y tratar su informaci\u00f3n personal siempre que se comprometan a respetar la presente Pol\u00edtica de Privacidad y la normativa de protecci\u00f3n de datos. Todas las personas autorizadas que no pertenecen a Tecnocaucho y que tienen acceso a sus datos personales lo har\u00e1n en cumplimiento de los t\u00e9rminos establecidos en la legislaci\u00f3n aplicable al tratamiento de sus datos personales.<\/p>\n<h5><b>3. FINALIDADES DEL TRATAMIENTO DE SUS DATOS PERSONALES<\/b><\/h5>\n<p>Los datos personales que usted libremente proporciona a trav\u00e9s de los sitios web de Tecnocaucho y de las dem\u00e1s empresas de la corporaci\u00f3n Tecnocaucho ser\u00e1n tratados para los siguientes fines: atender consultas o reclamos y hacer seguimiento de estos; enviar informaci\u00f3n o publicidad sobre los productos y servicios de todas las empresas y entidades de la corporaci\u00f3n Ferreycorp; invitarlo a participar en nuestros seminarios, capacitaciones, talleres, concursos, encuestas, entre otras actividades o eventos; inscribirlo en el club de operadores de Tecnocaucho u otro programa similar desarrollado por Tecnocaucho o las dem\u00e1s empresas y entidades de la corporaci\u00f3n Tecnocaucho; gesti\u00f3n y administraci\u00f3n interna de nuestra lista de clientes, estudios de mercado o investigaciones comerciales o estad\u00edsticas; realizar procesos de facturaci\u00f3n; comercio electr\u00f3nico; gestionar su postulaci\u00f3n a una vacante actual o futura en Tecnocaucho o en otra empresa o entidad de la corporaci\u00f3n Tecnocacuho; realizar evaluaci\u00f3n para el otorgamiento de cr\u00e9ditos, actualizar o verificar su informaci\u00f3n; o, como fuente de consulta. Tambi\u00e9n se utilizar\u00e1n sus datos para gestionar, apoyar y obtener informaci\u00f3n sobre la calidad de nuestros productos y servicios y para prevenir incumplimientos (alteraciones) a nuestra seguridad, la ley y los t\u00e9rminos contractuales. Considerando los fines descritos y que a veces el tratamiento de su informaci\u00f3n corresponde al cumplimiento de obligaciones legales, usted otorga su consentimiento de manera indefinida. Si no est\u00e1 de acuerdo con el tratamiento posterior de su informaci\u00f3n, usted podr\u00e1 proceder de acuerdo a lo indicado en la secci\u00f3n 5.<\/p>\n<p>Con su consentimiento para el tratamiento de sus datos personales, declara que este prevalecer\u00e1 sobre cualquier inscripci\u00f3n en el registro \u201cGracias\u2026 no insista\u201d de Indecopi, el que lo reemplace, o cualquier lista de bloqueo para el env\u00edo de comunicaciones. Ello no impide el derecho que usted tiene a eliminar sus datos personales o revocar su consentimiento en cualquier momento.<\/p>\n<h5><b>4. ACCESO Y TRANSFERENCIA<\/b><\/h5>\n<p>Tecnocaucho nunca compartir\u00e1 sus datos personales con terceros para una finalidad distinta a la que usted ha consentido. Tecnocacuho puede compartir su informaci\u00f3n personal con otras empresas y entidades que formen parte de la corporaci\u00f3n Ferreycorp para los fines que usted ha consentido. Tecnocaucho tambi\u00e9n puede compartir sus datos personales con terceros los cuales pueden estar ubicados dentro y fuera del territorio nacional, pero s\u00f3lo bajo circunstancias estrictamente limitadas como las que se indican a continuaci\u00f3n:<\/p>\n<p>Podemos proporcionar sus datos personales a terceros (como nuestros proveedores de servicios de Internet, administradores de p\u00e1ginas web y managers de cuentas en redes sociales, call centers, servicios de mensajer\u00eda, transportes, ejecutores de seminarios o capacitaciones, clientes, etc.) que nos ayudan a mantener y administrar \u00e9ste u otros sitios de Ferreyros y\/o de otras empresas y\/o entidades de la corporaci\u00f3n Ferreycorp (incluyendo pero no limit\u00e1ndose a las p\u00e1ginas y cuentas que Ferreyros mantiene en redes sociales). Es posible que estos terceros se ubiquen en un territorio distinto al nacional.<\/p>\n<p>Tambi\u00e9n podemos facilitar sus datos personales a organismos de la Administraci\u00f3n P\u00fablica y autoridades competentes si somos requeridos de hacerlo en virtud de obligaciones establecidas en ley. En algunos casos, debemos tambi\u00e9n proporcionar su informaci\u00f3n personal a las referidas entidades con objeto del desarrollo de un proceso legal, judicial y\/o administrativo; para contestar cualquier reclamaci\u00f3n o demanda; o para proteger los derechos leg\u00edtimos de las empresas y entidades de la corporaci\u00f3n Ferreycorp, sus clientes y cualquier otro usuario.<\/p>\n<p>En situaciones excepcionales, ser\u00e1 necesario que proporcionemos su informaci\u00f3n personal a potenciales compradores de cualquier l\u00ednea de negocio o empresa de la corporaci\u00f3n Ferreycorp. Usted tiene por seguro que ello se realizar\u00e1 solo en aquellos supuestos en los que exista un acuerdo de confidencialidad respecto del tratamiento de su informaci\u00f3n personal y respetando los fines para los cuales usted ha consentido el tratamiento de sus datos.<\/p>\n<h5><b>5. EJERCICIO DE SUS DERECHOS COMO TITULAR DE DATOS PERSONALES<\/b><\/h5>\n<p>Usted puede ejercer sus derechos que como titular de datos personales le asisten (acceso, rectificaci\u00f3n, cancelaci\u00f3n, oposici\u00f3n, informaci\u00f3n o revocaci\u00f3n). Para tal efecto, puede enviar una comunicaci\u00f3n a&nbsp;<a href=\"mailto:privacidad@ferreyros.com.pe\">privacidad@tecnocauchosac.com.<\/a><\/p>\n<h5><b>6. USO DE COOKIES Y TECNOLOG\u00cdAS DE RASTREO<\/b><\/h5>\n<p>Ferreyros utiliza la tecnolog\u00eda tracking (\u00abCookies\u00bb) para recopilar informaci\u00f3n personal, tales como tipo de navegador y el sistema operativo, p\u00e1gina de referencia, avance a trav\u00e9s del sitio, dominio ISP, entre otros, con el objeto de entender la manera en que los visitantes utilizan los sitios de Ferreyros. El uso de cookies nos ayuda a dise\u00f1ar esta p\u00e1gina web a la medida de sus necesidades. Toda la informaci\u00f3n de cookies, Ferreyros la guarda en formatos que no permiten identificar a su titular. Sin perjuicio de ello, dicha informaci\u00f3n no ser\u00e1 compartida con terceros y no se utilizar\u00e1 para el env\u00edo de comunicaciones no solicitadas.<\/p>\n<p>Toda la informaci\u00f3n de cookies, Ferreyros la guarda en formatos que no permiten identificar a su titular. Sin perjuicio de ello, dicha informaci\u00f3n no ser\u00e1 compartida con terceros y no se utilizar\u00e1 para el env\u00edo de comunicaciones no solicitadas.<\/p>\n<h5><b>7. USO DEL SITIO WEB DE TECNO REYROS Y DE OTRAS EMPRESAS DE LA CORPORACI\u00d3N FERREYCORP POR PARTE DE MENORES DE EDAD<\/b><\/h5>\n<p>Los sitios web de las empresas y entidades de la corporaci\u00f3n Ferreycorp no est\u00e1n dise\u00f1ados ni destinados a menores de edad y, en consecuencia, no recopilan datos de menores de edad. Si usted es menor de edad, por favor no utilice los sitios web. Si usted tiene menos de 18 a\u00f1os y es mayor de 14, usted debe contar con la autorizaci\u00f3n de sus padres o tutor para el uso de este sitio web. Si en alg\u00fan sitio web de Ferreyros usted nos proporciona sus datos personales y es mayor de 14 pero menor de 18 a\u00f1os, usted deber\u00e1 proporcionar los datos de contacto de sus padres o tutor a efectos de que Ferreyros pueda verificar su consentimiento.<\/p>\n<h5><b>8. MODIFICACIONES A LA PRESENTE POL\u00cdTICA DE PRIVACIDAD<\/b><\/h5>\n<p>Con motivo de la mejora continua de nuestros procesos, Ferreyros podr\u00e1 realizar modificaciones y correcciones a esta Pol\u00edtica de Privacidad, a los cuales usted da su conformidad. Por favor, verifique estos t\u00e9rminos regularmente para consultar los cambios que puedan haber existido y de qu\u00e9 manera le pueden afectar.<\/p>\t\t\t\t\t\t\t\t<\/div>\n\t\t\t\t<\/div>\n\t\t\t\t\t<\/div>\n\t\t\t\t<\/div>\n\t\t\t\t<\/div>\n\t\t","protected":false},"excerpt":{"rendered":"<p>POL\u00cdTICA DE PRIVACIDAD DE TODAS LAS EMPRESAS Y ENTIDADES DE LA CORPORACI\u00d3N TECNOCAUCHOS S.A.C El cumplimiento de la Ley Peruana de Protecci\u00f3n de Datos Personales es muy importante para TECNOCAUCHOS S.A.C. empresa subsidiaria de TECNOCAUCHOS S.A.C., en adelante (Tecnocauchos) y, en general, para todas las empresas y entidades de la corporaci\u00f3n Ferreycorp (TECNOCAUCHOS S.A.C., sus [&hellip;]<\/p>\n","protected":false},"author":1,"featured_media":0,"parent":0,"menu_order":0,"comment_status":"closed","ping_status":"closed","template":"","meta":{"footnotes":""},"class_list":["post-1249","page","type-page","status-publish","hentry"],"_links":{"self":[{"href":"https:\/\/tecnocauchosac.com\/index.php?rest_route=\/wp\/v2\/pages\/1249","targetHints":{"allow":["GET"]}}],"collection":[{"href":"https:\/\/tecnocauchosac.com\/index.php?rest_route=\/wp\/v2\/pages"}],"about":[{"href":"https:\/\/tecnocauchosac.com\/index.php?rest_route=\/wp\/v2\/types\/page"}],"author":[{"embeddable":true,"href":"https:\/\/tecnocauchosac.com\/index.php?rest_route=\/wp\/v2\/users\/1"}],"replies":[{"embeddable":true,"href":"https:\/\/tecnocauchosac.com\/index.php?rest_route=%2Fwp%2Fv2%2Fcomments&post=1249"}],"version-history":[{"count":23,"href":"https:\/\/tecnocauchosac.com\/index.php?rest_route=\/wp\/v2\/pages\/1249\/revisions"}],"predecessor-version":[{"id":1302,"href":"https:\/\/tecnocauchosac.com\/index.php?rest_route=\/wp\/v2\/pages\/1249\/revisions\/1302"}],"wp:attachment":[{"href":"https:\/\/tecnocauchosac.com\/index.php?rest_route=%2Fwp%2Fv2%2Fmedia&parent=1249"}],"curies":[{"name":"wp","href":"https:\/\/api.w.org\/{rel}","templated":true}]}}